 are the prime factors of n?
5
Suppose -3*a + a = 3*g - 94, -4*a = -3*g - 170. Let x = a + -25. List the prime factors of x.
19
Let q = -1 + 5. Let p = q + 0. Suppose -20 = -p*k + 4*o, -5*o - 15 = -3*k - 3*o. What are the prime factors of k?
5
Let n = 12 - 12. Suppose -8*i + 3*i + 145 = n. What are the prime factors of i?
29
Let f(b) = 2*b - 1. What are the prime factors of f(6)?
11
Let b(q) = 8*q**3 - 2*q**2 + q. Let x be b(1). Let w = 17 - x. Suppose 2*l - w - 22 = 0. What are the prime factors of l?
2
Let b = 32 - 16. Let o be b/(-6)*(-27)/(-12). Let q = 12 + o. What are the prime factors of q?
2, 3
Suppose -j = 4 - 13. Let w = j + -6. Suppose 2*o - 4*o = w*t - 18, o = 0. What are the prime factors of t?
2, 3
Suppose 13*j = 16*j - 444. List the prime factors of j.
2, 37
Let j = 17 - -10. List the prime factors of 600/j + 4/(-18).
2, 11
Suppose 5*t - 18 = 4*d - 4, -3*t - 2*d + 4 = 0. Suppose -6 = -t*y + 2. What are the prime factors of y?
2
Suppose -56 = n - 3*n. Suppose 0 = -5*x - 13 + n, -2*x = 2*m - 18. Let w = m + 5. What are the prime factors of w?
11
Suppose -5*x - 6 = -4*x. What are the prime factors of (-8)/10*135/x?
2, 3
Let m be 3*(-3)/(-9)*49. Suppose 0*j + 5*j + t = m, 0 = 3*j - 2*t - 19. Suppose -4*r + 15 = -j. List the prime factors of r.
2, 3
Suppose 0 = -0*u + 4*u + 3*n - 93, -u = 2*n - 27. Suppose -39 = -4*k + u. What are the prime factors of k?
3, 5
List the prime factors of 1317/15 + ((-84)/(-20) - 4).
2, 11
Let b(t) = t**2 + 2. What are the prime factors of b(7)?
3, 17
Let q(s) = 5*s - 2. Let m(d) = -d**2 - d + 1. Let f(j) = -4*m(j) - q(j). What are the prime factors of f(-2)?
2
Suppose -8 = -l - 2. Suppose -l - 6 = -4*k. List the prime factors of k.
3
Let t(y) = -y - 1. Let i be t(-4). Let j(s) be the third derivative of s**4/8 - s**3/2 + 5*s**2. List the prime factors of j(i).
2, 3
Let s = 26 - -4. What are the prime factors of s?
2, 3, 5
Let c(z) = -z**3 + 5*z**2 - 2*z - 1. Let b be c(4). Let y(p) = p**3 - 8*p**2 + 8*p + 5. What are the prime factors of y(b)?
2, 3
Suppose 3*y - 4*y = -22. List the prime factors of y.
2, 11
Let g be (6/9)/(6/9). Let u(t) = 7*t. List the prime factors of u(g).
7
Suppose -k - 22 = 19. Let c = 58 + k. List the prime factors of c.
17
Let m(w) = 3*w - 9. Let h be m(8). Let i be -9*(-5)/(h/2). What are the prime factors of (i*-1)/(-2) + 4?
7
Suppose 2*u + u = 15. Let b = 6 - -42. Suppose b = u*z - 57. List the prime factors of z.
3, 7
Let i = -6 - -9. Suppose 40 = i*c + c. What are the prime factors of c?
2, 5
Let b be 1 + (-3 + 1)/(-2). Suppose -4*d = o - 17, b*o = 2*d - 0*o - 6. What are the prime factors of d?
2
Let i = -3 - -6. Suppose -46 = -5*s - 2*v, s - i*v - 2 = -3. List the prime factors of s.
2
Let d(u) = -7*u**2 + 4 - u**3 + 2*u**3 + 6*u + 4. Let l be d(6). Suppose -2*i + l = -20. What are the prime factors of i?
2, 7
Let y(z) = -7*z**2 + 5*z + 12. Let o(p) = 0 + p**2 + 1 - 2*p**2. Let d(w) = -6*o(w) + y(w). List the prime factors of d(5).
2, 3
Let c(h) = -h + 39. Let f be c(0). List the prime factors of (-2)/(f/(-33) - -1).
11
Suppose 4*s = 3*s + 16. What are the prime factors of s?
2
Let k(t) = 7 + t + 2*t + 8 - 1. What are the prime factors of k(6)?
2
Let g(t) = -t**3 - 21*t**2 - 12*t + 38. What are the prime factors of g(-21)?
2, 5, 29
Let w(v) = v**3 + 13*v**2 + 6*v - 16. What are the prime factors of w(-7)?
2, 59
Let k(m) = -m**3 + m**2 + 4*m + 180. List the prime factors of k(0).
2, 3, 5
Let c = -9 + 19. Suppose -u - c = -33. List the prime factors of u.
23
Let f(z) = 2*z + 11. Let o(h) = -6*h - 32. Let l(n) = 17*f(n) + 6*o(n). Let u be l(-5). Let k(s) = s**2 - 3*s + 3. List the prime factors of k(u).
13
Let q(s) = s**3 - 18*s**2 + 5*s - 6. List the prime factors of q(18).
2, 3, 7
Suppose -3*l - 318 = -3*r, 5*r - 2*l = 4*r + 109. What are the prime factors of r?
103
What are the prime factors of -6*-8*(-2)/(-3)?
2
Let a(q) = -q - 4. Let g be a(7). Let f = g - -15. List the prime factors of f.
2
Suppose 5*t - 114 = -h + 18, -3 = h. Let u = -19 + t. List the prime factors of u.
2
What are the prime factors of -1*(-196)/5*(-405)/(-54)?
2, 3, 7
Let j be 0 + 0 + 3*7. Suppose -4*p = b + 34, 0 = -6*p + 2*p - 3*b - 30. Let a = j + p. What are the prime factors of a?
2, 3
Suppose 41 - 21 = 2*v. What are the prime factors of v?
2, 5
Let u(n) be the first derivative of n**3/3 + 5*n**2/2 + 7*n + 3. List the prime factors of u(-5).
7
List the prime factors of 52/(1/5 + (-4)/(-5)).
2, 13
Let x = 32 - 3. Suppose -5 + x = r. Suppose -f + r = -2*k - 3*k, -2*f = -4*k - 42. List the prime factors of f.
19
Let u(w) = -w**2 + 2*w. Let x(p) = 2*p**2 - 2*p + 1. Let n(g) = 3*u(g) + 2*x(g). Suppose -3*y = 5*q + 14, -q + 7 + 7 = -5*y. List the prime factors of n(y).
5
Suppose n + 5*t - 61 = 0, 3*t = -5*n + n + 176. List the prime factors of n.
41
Suppose 51 - 167 = -4*o. Suppose -5*k + o = -2*s, 3*k - 2*k = -5*s + 22. List the prime factors of k.
7
Let f = 0 + -2. Let j be 52/5 - f/(-5). Let p = -5 + j. What are the prime factors of p?
5
Suppose 0*s - 1251 = -9*s. List the prime factors of s.
139
Let q = -52 + 151. What are the prime factors of (-2)/4 - q/(-6)?
2
List the prime factors of (-736)/(-10) + 26/65.
2, 37
Let a(k) = 2*k - 18. Let z be a(7). Let u(h) = h**2 + h - 1. Let t(f) = -3*f**2 - 4*f - 2. Let b(j) = -t(j) - 2*u(j). What are the prime factors of b(z)?
2, 3
Suppose -5*u + 3 = -4*k - 2, 3*u - 3 = k. Suppose k = -f - 5*q + 15, 0*q + 3*q = 3*f - 81. List the prime factors of f.
5
Suppose 82 = 5*t - 5*c + 12, -c - 71 = -4*t. What are the prime factors of t?
19
Suppose 9*d = 6*d + 189. What are the prime factors of d?
3, 7
Let x = 114 + -64. What are the prime factors of x?
2, 5
Suppose -3*q = -3*g + 96, -12 = -g - q + 20. What are the prime factors of g?
2
Let k = -5 + 10. Suppose -k*d + 20 = -d. Suppose 0 = -4*n - d*z + 30, 5*n - 3*z - 16 = 3. List the prime factors of n.
5
Suppose c - 2 + 0 = 0. Let g(h) = 6*h**2 - 2. List the prime factors of g(c).
2, 11
Suppose -4*v = 9*v - 455. List the prime factors of v.
5, 7
Let x(l) = -3*l. Let d = -9 + 10. Suppose -d = -y - 2. What are the prime factors of x(y)?
3
Let a(x) = 2*x**2 + x + 1. Let c be a(-1). Suppose -o + 90 = c*o. List the prime factors of o.
2, 3, 5
Let k = 311 + -156. List the prime factors of k.
5, 31
Let q = 0 + -27. List the prime factors of -4*(q/6 + 1).
2, 7
Let x(r) = 11*r**3 - r**2 + 2*r - 1. Let t be ((-2)/(-3))/(6/(-18)). Let k = 3 + t. List the prime factors of x(k).
11
Let d(b) = 24*b - 5. List the prime factors of d(6).
139
Let p = 14 - -3. Let v = -1 + p. Suppose -2*f = -6*f + v. List the prime factors of f.
2
Suppose 4*u - 105 = u. What are the prime factors of u?
5, 7
Let n be (-1 - (-1)/4)*-4. Suppose -5*b - 170 = -5*h, 3*h + h + n*b = 150. List the prime factors of h.
2, 3
Let p(s) = 3*s + 49. What are the prime factors of p(21)?
2, 7
Let g = -142 - -200. List the prime factors of g.
2, 29
Suppose 0 = -0*q + 3*q - 15. Suppose -c = j + 6, 0*c - j = -q*c. Let r = 7 + c. What are the prime factors of r?
2, 3
Let k = 175 + -98. What are the prime factors of k?
7, 11
Suppose 8 = l + 4. Suppose -3*b - 11 = c, -l*b + 2*c = -5*b - 12. Let a = b - -5. List the prime factors of a.
3
Let k = 5 - 1. Suppose k*b = 16 + 16. Let r = -5 + b. List the prime factors of r.
3
Suppose 2*m = -3*w - 128, 0 = -m + 5*w - 36 - 28. Let u = m - -103. List the prime factors of u.
3, 13
Suppose 7*d - 4*d = 6. Suppose 5*h = 2*s + 127, 3*s + 34 = d*h - 2*s. List the prime factors of h.
3
Suppose -4*n + 12 = -16. Suppose p - n = 3*s, 2*p - s = -3*s + 54. What are the prime factors of p?
2, 11
Let a be (-3)/4 + 130/(-8). What are the prime factors of a/(-2) - (-2)/4?
3
Suppose 5*o + 4*u - 3*u = 668, -3*o = 2*u - 398. What are the prime factors of o?
2, 67
Let l be 4/6*15/2. Suppose -4*a = -l*a. Suppose -3*c - c + 56 = a. List the prime factors of c.
2, 7
Let i = -28 - -39. List the prime factors of i.
11
Let t be 8 + -5 + 1/(-1). Suppose y + t = 8. List the prime factors of y.
2, 3
Suppose -y = -3*y + 6. Suppose y*t + 4*g + 4 = 5*t, -3*t + 22 = 2*g. List the prime factors of t.
2, 3
Let i(l) = -l**3 + 3*l**2 + 6*l - 5. Let o be i(4). List the prime factors of 18*3*o/18.
3
Let r(l) = -8*l - 3. Let d be r(-5). Suppose -i + 10 = 5*b, b + 11 = 